{"id":476,"date":"2024-07-01T05:33:36","date_gmt":"2024-07-01T05:33:36","guid":{"rendered":"https:\/\/traicaytopvip.com.vn\/?post_type=product&#038;p=476"},"modified":"2024-07-01T05:33:36","modified_gmt":"2024-07-01T05:33:36","slug":"buoi-dien","status":"publish","type":"product","link":"https:\/\/hgfruits.vn\/?product=buoi-dien","title":{"rendered":"B\u01af\u1edeI DI\u1ec4N"},"content":{"rendered":"<div class=\"paragraph\"><strong>B\u01b0\u1edfi Di\u1ec5n,<\/strong> m\u1ed9t lo\u00e0i c\u00e2y \u0103n qu\u1ea3 l\u00e2u n\u0103m thu\u1ed9c nh\u00f3m c\u00e2y c\u00f3 m\u00fai, th\u00e2n g\u1ed7 v\u00e0 th\u01b0\u1eddng ph\u00e1t tri\u1ec3n t\u1ed1t tr\u00ean \u0111\u1ea5t th\u1ecbt. Khi c\u00e2y tr\u01b0\u1edfng th\u00e0nh v\u00e0 b\u1eaft \u0111\u1ea7u thu ho\u1ea1ch,\u00a0chi\u1ec1u cao c\u1ee7a n\u00f3 c\u00f3 th\u1ec3 \u0111\u1ea1t tr\u00ean 2 m\u00e9t,\u00a0v\u1edbi t\u00e1n c\u00e2y m\u1edf r\u1ed9ng t\u01b0\u01a1ng \u0111\u01b0\u01a1ng.<\/div>\n<div class=\"paragraph\">C\u00e2y n\u00e0y\u00a0ch\u1ec9 ra qu\u1ea3 m\u1ed9t l\u1ea7n trong m\u1ed7i n\u0103m, th\u01b0\u1eddng cho qu\u1ea3 ch\u00edn \u0111\u00fang v\u00e0o d\u1ecbp T\u1ebft.\u00a0Trong giai \u0111o\u1ea1n thu ho\u1ea1ch ch\u00ednh th\u1ee9c (th\u01b0\u1eddng l\u00e0 v\u00e0o n\u0103m th\u1ee9 5), m\u1ed9t c\u00e2y b\u01b0\u1edfi Di\u1ec5n c\u00f3 th\u1ec3 mang l\u1ea1i kho\u1ea3ng 80 qu\u1ea3.<br \/>\n\u0110\u1ed1i v\u1edbi tr\u00e1i <strong>b\u01b0\u1edfi Di\u1ec5n<\/strong>, \u0111i\u1ec3m \u0111\u1ed9c \u0111\u00e1o so v\u1edbi c\u00e1c lo\u1ea1i b\u01b0\u1edfi kh\u00e1c l\u00e0\u00a0k\u00edch th\u01b0\u1edbc nh\u1ecf, v\u1edbi \u0111\u01b0\u1eddng k\u00ednh kho\u1ea3ng 15 cm\u00a0v\u00e0 tr\u1ecdng l\u01b0\u1ee3ng t\u1eeb 0,8 \u0111\u1ebfn 1 kg.\u00a0V\u1ecf v\u00e0 c\u00f9i c\u1ee7a lo\u1ea1i qu\u1ea3 n\u00e0y r\u1ea5t m\u1ecfng, m\u00e0u v\u00e0ng.M\u00fai b\u01b0\u1edfi c\u00f3 m\u00e0u v\u00e0ng \u00f3ng, v\u1edbi h\u1ea1t nh\u1ecf, c\u00f3 h\u01b0\u01a1ng v\u1ecb ng\u1ecdt \u0111\u1eadm.\u00a0\u0110\u1eb7c bi\u1ec7t, b\u01b0\u1edfi Di\u1ec5n \u0111\u1ec3\u00a0c\u00e0ng l\u00e2u th\u00ec v\u1ecb ng\u1ecdt c\u00e0ng \u0111\u1eadm, m\u00fai m\u1ecdng n\u01b0\u1edbc v\u00e0 c\u00f3 m\u00f9i th\u01a1m thanh khi\u1ebft.<\/div>\n","protected":false},"excerpt":{"rendered":"<p>B\u01b0\u1edfi Di\u1ec5n c\u1ee7a TOPVIP 989<\/p>\n","protected":false},"featured_media":232,"comment_status":"open","ping_status":"closed","template":"","meta":[],"product_cat":[45],"product_tag":[],"class_list":{"0":"post-476","1":"product","2":"type-product","3":"status-publish","4":"has-post-thumbnail","6":"product_cat-san-pham","8":"first","9":"instock","10":"shipping-taxable","11":"purchasable","12":"product-type-simple"},"jetpack_sharing_enabled":true,"_links":{"self":[{"href":"https:\/\/hgfruits.vn\/index.php?rest_route=\/wp\/v2\/product\/476","targetHints":{"allow":["GET"]}}],"collection":[{"href":"https:\/\/hgfruits.vn\/index.php?rest_route=\/wp\/v2\/product"}],"about":[{"href":"https:\/\/hgfruits.vn\/index.php?rest_route=\/wp\/v2\/types\/product"}],"replies":[{"embeddable":true,"href":"https:\/\/hgfruits.vn\/index.php?rest_route=%2Fwp%2Fv2%2Fcomments&post=476"}],"wp:featuredmedia":[{"embeddable":true,"href":"https:\/\/hgfruits.vn\/index.php?rest_route=\/wp\/v2\/media\/232"}],"wp:attachment":[{"href":"https:\/\/hgfruits.vn\/index.php?rest_route=%2Fwp%2Fv2%2Fmedia&parent=476"}],"wp:term":[{"taxonomy":"product_cat","embeddable":true,"href":"https:\/\/hgfruits.vn\/index.php?rest_route=%2Fwp%2Fv2%2Fproduct_cat&post=476"},{"taxonomy":"product_tag","embeddable":true,"href":"https:\/\/hgfruits.vn\/index.php?rest_route=%2Fwp%2Fv2%2Fproduct_tag&post=476"}],"curies":[{"name":"wp","href":"https:\/\/api.w.org\/{rel}","templated":true}]}}