{"id":508,"date":"2024-07-10T12:09:24","date_gmt":"2024-07-10T12:09:24","guid":{"rendered":"https:\/\/traicaytopvip.com.vn\/?post_type=product&#038;p=508"},"modified":"2024-07-10T12:10:19","modified_gmt":"2024-07-10T12:10:19","slug":"buoi-do-tien-vua","status":"publish","type":"product","link":"https:\/\/hgfruits.vn\/?product=buoi-do-tien-vua","title":{"rendered":"B\u01b0\u1edfi \u0110\u1ecf Ti\u1ebfn Vua"},"content":{"rendered":"<p><b>B\u01b0\u1edfi Ti\u1ebfn Vua\u00a0<\/b>hay c\u00f2n \u0111\u01b0\u1ee3c bi\u1ebft \u0111\u1ebfn v\u1edbi t\u00ean g\u1ecdi b\u01b0\u1edfi Lu\u1eadn V\u0103n. Gi\u1ed1ng b\u01b0\u1edfi n\u00e0y c\u00f3 ngu\u1ed3n g\u1ed1c \u1edf th\u00f4n Lu\u1eadn V\u0103n, x\u00e3 Th\u1ecd X\u01b0\u01a1ng, huy\u1ec7n Th\u1ecd Xu\u00e2n (Thanh H\u00f3a). B\u01b0\u1edfi Ti\u1ebfn Vua c\u00f3 v\u1ecb ng\u1ecdt nh\u1eb9 pha ch\u00fat v\u1ecb chua d\u1ecbu. Th\u1ee9c qu\u1ea3 n\u00e0y s\u1edf h\u1eefu h\u01b0\u01a1ng th\u01a1m \u0111\u1eb7c tr\u01b0ng v\u00e0 khi ch\u00edn c\u00f3 m\u00e0u \u0111\u1ecf \u0111\u1eb9p m\u1eaft n\u00ean \u0111\u01b0\u1ee3c \u01b0a chu\u1ed9ng b\u00e0y tr\u00ean b\u00e0n th\u1edd d\u1ecbp T\u1ebft.<\/p>\n<p><b>B\u01b0\u1edfi da \u0111\u1ecf<\/b>\u00a0Ti\u1ebfn Vua l\u00e0 lo\u1ea1i tr\u00e1i c\u00e2y v\u1edbi nhi\u1ec1u c\u00f4ng d\u1ee5ng \u0111\u1eb7c bi\u1ec7t t\u1ed1t cho c\u01a1 th\u1ec3. Trong m\u1ed7i qu\u1ea3 b\u01b0\u1edfi \u0111\u1ec1u c\u00f3 ch\u1ee9a r\u1ea5t nhi\u1ec1u vitamin C, ch\u1ea5t x\u01a1 v\u00e0 c\u00e1c ch\u1ea5t ch\u1ed1ng oxy h\u00f3a, gi\u00fap c\u1ea3i thi\u1ec7n s\u1ee9c kh\u1ecfe tim m\u1ea1ch, h\u1ec7 ti\u00eau d\u01b0\u1ee1ng v\u00e0 t\u0103ng c\u01b0\u1eddng h\u1ec7 mi\u1ec5n d\u1ecbch.<\/p>\n<p>Nh\u01b0 v\u1eady, \u0111\u1ec3 ch\u1ecdn \u0111\u01b0\u1ee3c qu\u1ea3 b\u01b0\u1edfi chu\u1ea9n ngon v\u00e0 \u0111\u1ea3m b\u1ea3o ch\u1ea5t l\u01b0\u1ee3ng, c\u00e1c b\u1ea1n c\u1ea7n l\u01b0u \u00fd nh\u1eefng \u0111\u1eb7c \u0111i\u1ec3m ch\u00fang t\u00f4i \u0111\u00e3 \u0111\u1ec1 c\u1eadp ph\u00eda tr\u00ean. L\u01b0u \u00fd r\u1eb1ng qu\u1ea3 b\u01b0\u1edfi c\u00f3 l\u1edbp v\u1ecf ngo\u00e0i \u0111\u1ecf \u0111\u1ec1u h\u01a1i s\u1ea7n s\u00f9i ho\u1eb7c h\u01a1i nh\u0103n s\u1ebd ngon ng\u1ecdt h\u01a1n qu\u1ea3 da nh\u1eb5n. Ph\u1ea7n v\u1ecf m\u00e0u c\u00e0ng \u0111\u1eadm th\u00ec m\u00fai b\u00ean trong c\u00e0ng m\u1ecdng n\u01b0\u1edbc v\u00e0 ng\u1ecdt thanh, c\u00f3 h\u01b0\u01a1ng th\u01a1m.<\/p>\n","protected":false},"excerpt":{"rendered":"<p>B\u01b0\u1edfi Ti\u1ebfn Vua\u00a0hay c\u00f2n \u0111\u01b0\u1ee3c bi\u1ebft \u0111\u1ebfn v\u1edbi t\u00ean g\u1ecdi b\u01b0\u1edfi Lu\u1eadn V\u0103n. Gi\u1ed1ng b\u01b0\u1edfi n\u00e0y c\u00f3 ngu\u1ed3n g\u1ed1c \u1edf th\u00f4n Lu\u1eadn V\u0103n, x\u00e3 Th\u1ecd X\u01b0\u01a1ng, huy\u1ec7n Th\u1ecd Xu\u00e2n (Thanh H\u00f3a). B\u01b0\u1edfi Ti\u1ebfn Vua c\u00f3 v\u1ecb ng\u1ecdt nh\u1eb9 pha ch\u00fat v\u1ecb chua d\u1ecbu. Th\u1ee9c qu\u1ea3 n\u00e0y s\u1edf h\u1eefu h\u01b0\u01a1ng th\u01a1m \u0111\u1eb7c tr\u01b0ng v\u00e0 khi ch\u00edn [&#8230;]\n","protected":false},"featured_media":509,"comment_status":"open","ping_status":"closed","template":"","meta":[],"product_cat":[45],"product_tag":[],"class_list":{"0":"post-508","1":"product","2":"type-product","3":"status-publish","4":"has-post-thumbnail","6":"product_cat-san-pham","8":"first","9":"instock","10":"shipping-taxable","11":"purchasable","12":"product-type-simple"},"jetpack_sharing_enabled":true,"_links":{"self":[{"href":"https:\/\/hgfruits.vn\/index.php?rest_route=\/wp\/v2\/product\/508","targetHints":{"allow":["GET"]}}],"collection":[{"href":"https:\/\/hgfruits.vn\/index.php?rest_route=\/wp\/v2\/product"}],"about":[{"href":"https:\/\/hgfruits.vn\/index.php?rest_route=\/wp\/v2\/types\/product"}],"replies":[{"embeddable":true,"href":"https:\/\/hgfruits.vn\/index.php?rest_route=%2Fwp%2Fv2%2Fcomments&post=508"}],"wp:featuredmedia":[{"embeddable":true,"href":"https:\/\/hgfruits.vn\/index.php?rest_route=\/wp\/v2\/media\/509"}],"wp:attachment":[{"href":"https:\/\/hgfruits.vn\/index.php?rest_route=%2Fwp%2Fv2%2Fmedia&parent=508"}],"wp:term":[{"taxonomy":"product_cat","embeddable":true,"href":"https:\/\/hgfruits.vn\/index.php?rest_route=%2Fwp%2Fv2%2Fproduct_cat&post=508"},{"taxonomy":"product_tag","embeddable":true,"href":"https:\/\/hgfruits.vn\/index.php?rest_route=%2Fwp%2Fv2%2Fproduct_tag&post=508"}],"curies":[{"name":"wp","href":"https:\/\/api.w.org\/{rel}","templated":true}]}}